{"id":765,"date":"2017-10-09T16:04:00","date_gmt":"2017-10-09T16:04:00","guid":{"rendered":"http:\/\/listagil.is\/?page_id=765"},"modified":"2025-07-10T19:12:24","modified_gmt":"2025-07-10T19:12:24","slug":"deiglan-gallery","status":"publish","type":"page","link":"https:\/\/listagil.is\/?page_id=765","title":{"rendered":"Deiglan Gallery"},"content":{"rendered":"<p><img loading=\"lazy\" decoding=\"async\" class=\"size-medium wp-image-775 alignright\" src=\"http:\/\/listagil.is\/wp-content\/uploads\/2017\/10\/20246306_1540075996044928_5150415877911757961_n-300x300.jpg\" alt=\"\" width=\"300\" height=\"300\" srcset=\"https:\/\/listagil.is\/wp-content\/uploads\/2017\/10\/20246306_1540075996044928_5150415877911757961_n-300x300.jpg 300w, https:\/\/listagil.is\/wp-content\/uploads\/2017\/10\/20246306_1540075996044928_5150415877911757961_n-150x150.jpg 150w, https:\/\/listagil.is\/wp-content\/uploads\/2017\/10\/20246306_1540075996044928_5150415877911757961_n-768x768.jpg 768w, https:\/\/listagil.is\/wp-content\/uploads\/2017\/10\/20246306_1540075996044928_5150415877911757961_n-160x160.jpg 160w, https:\/\/listagil.is\/wp-content\/uploads\/2017\/10\/20246306_1540075996044928_5150415877911757961_n-320x320.jpg 320w, https:\/\/listagil.is\/wp-content\/uploads\/2017\/10\/20246306_1540075996044928_5150415877911757961_n.jpg 960w\" sizes=\"auto, (max-width: 300px) 100vw, 300px\" \/><\/p>\n<p>Deiglan is a multi-purpose exhibition space, ideal for art and music.\u00a0The facilities used to belong to the old dairy factories as well as most of the buildings in the Art Street. \u00a0When the dairy factories were moved artists and interested people founded the Gil\u00a0Society with the aim of building up the Art Street as you find it today. This adventure started 25 years ago and is still going strong.<\/p>\n<p>Deiglan is distinguished by the wooden stair platforms that take up a part of the space. This makes it ideal for all sort of live performances and also an interesting challenge for installations, videos, etc. Exhibitions are continuous throughout the year, with the highlight being Akureyri Art Summer that is celebrated all through the town.<\/p>\n<p>We also run an artist residency, a studio and apartment in the same building where international artists get a chance to work and exhibit in Deiglan.<\/p>\n<p>If you are interested in renting Deiglan, please send inquiries to gilfelag@listagil.is &#8211; you can see available dates on the calendar under <a href=\"http:\/\/listagil.is\/?page_id=964\">Events and Opening Hours.<\/a><\/p>\n<p>Prices are for cultural happenings without an entrance fee. Please contact <em>gilfelag@listagil.is<\/em> for other activities and longer term rentals.<\/p>\n<p>Included is only the space, one takes care of opening, advertisement and clean up. Please leave the space as you got it.<\/p>\n<dl>\n<dd>\n<table width=\"624\">\n<tbody>\n<tr>\n<td>Period<\/td>\n<td>Members of Gilf.<\/td>\n<td width=\"188\">Culture events without entrance fee<\/td>\n<td width=\"152\">Others<\/td>\n<\/tr>\n<tr>\n<td>1 day &#8211; weekend<\/td>\n<td>0<\/td>\n<td width=\"188\">15.000<\/td>\n<td width=\"152\">35.000<\/td>\n<\/tr>\n<tr>\n<td>1 day &#8211; weekday<\/td>\n<td>0<\/td>\n<td width=\"188\">10.000<\/td>\n<td width=\"152\">25.000<\/td>\n<\/tr>\n<tr>\n<td>Weekend Fri -Sun<\/td>\n<td>0<\/td>\n<td width=\"188\">20.000<\/td>\n<td width=\"152\">50.000<\/td>\n<\/tr>\n<tr>\n<td>Two weekends**<\/td>\n<td>0<\/td>\n<td width=\"188\">30.000<\/td>\n<td width=\"152\">50.000<\/td>\n<\/tr>\n<tr>\n<td>Week Mon &#8211; Sun<\/td>\n<td>0<\/td>\n<td width=\"188\">40.000<\/td>\n<td width=\"152\">70.000<\/td>\n<\/tr>\n<\/tbody>\n<\/table>\n<\/dd>\n<\/dl>\n<p>*You can have the space open on weekdays between but the space could be used for other happenings fx. meetings, etc.<\/p>\n<p><img loading=\"lazy\" decoding=\"async\" class=\"alignnone wp-image-813 size-medium\" title=\"J\u00f3n\u00edna Bj\u00f6rg &amp; Her\u00f0ubrei\u00f0\" src=\"http:\/\/listagil.is\/wp-content\/uploads\/2017\/10\/20170818_155633-300x169.jpg\" alt=\"\" width=\"300\" height=\"169\" srcset=\"https:\/\/listagil.is\/wp-content\/uploads\/2017\/10\/20170818_155633-300x169.jpg 300w, https:\/\/listagil.is\/wp-content\/uploads\/2017\/10\/20170818_155633-768x432.jpg 768w, https:\/\/listagil.is\/wp-content\/uploads\/2017\/10\/20170818_155633-1024x576.jpg 1024w\" sizes=\"auto, (max-width: 300px) 100vw, 300px\" \/> <img loading=\"lazy\" decoding=\"async\" class=\"alignnone wp-image-817 size-medium\" title=\"Salon des Refus\u00e9s\" src=\"http:\/\/listagil.is\/wp-content\/uploads\/2017\/10\/20170610_165300-300x169.jpg\" alt=\"\" width=\"300\" height=\"169\" srcset=\"https:\/\/listagil.is\/wp-content\/uploads\/2017\/10\/20170610_165300-300x169.jpg 300w, https:\/\/listagil.is\/wp-content\/uploads\/2017\/10\/20170610_165300-768x432.jpg 768w, https:\/\/listagil.is\/wp-content\/uploads\/2017\/10\/20170610_165300-1024x576.jpg 1024w\" sizes=\"auto, (max-width: 300px) 100vw, 300px\" \/>\u00a0<img loading=\"lazy\" decoding=\"async\" class=\"alignnone wp-image-815 size-medium\" title=\"H\u00fallad\u00fallan Circus Seminar\" src=\"http:\/\/listagil.is\/wp-content\/uploads\/2017\/10\/hulladullan2017-300x200.jpg\" alt=\"\" width=\"300\" height=\"200\" srcset=\"https:\/\/listagil.is\/wp-content\/uploads\/2017\/10\/hulladullan2017-300x200.jpg 300w, https:\/\/listagil.is\/wp-content\/uploads\/2017\/10\/hulladullan2017-768x512.jpg 768w, https:\/\/listagil.is\/wp-content\/uploads\/2017\/10\/hulladullan2017-1024x683.jpg 1024w, https:\/\/listagil.is\/wp-content\/uploads\/2017\/10\/hulladullan2017.jpg 1500w\" sizes=\"auto, (max-width: 300px) 100vw, 300px\" \/>\u00a0<img loading=\"lazy\" decoding=\"async\" class=\"alignnone wp-image-814 size-medium\" title=\"S\u00f6nglagaf\u00e9lagi\u00f0 \u00dej\u00f3\u00f0\u00ferif\" src=\"http:\/\/listagil.is\/wp-content\/uploads\/2017\/10\/SongfelagidThjodthrif-300x225.jpg\" alt=\"\" width=\"300\" height=\"225\" srcset=\"https:\/\/listagil.is\/wp-content\/uploads\/2017\/10\/SongfelagidThjodthrif-300x225.jpg 300w, https:\/\/listagil.is\/wp-content\/uploads\/2017\/10\/SongfelagidThjodthrif-768x576.jpg 768w, https:\/\/listagil.is\/wp-content\/uploads\/2017\/10\/SongfelagidThjodthrif.jpg 960w\" sizes=\"auto, (max-width: 300px) 100vw, 300px\" \/> <img loading=\"lazy\" decoding=\"async\" class=\"alignnone wp-image-816 size-medium\" title=\"Listh\u00fas Residency\" src=\"http:\/\/listagil.is\/wp-content\/uploads\/2017\/10\/Listhus-300x200.jpg\" alt=\"\" width=\"300\" height=\"200\" srcset=\"https:\/\/listagil.is\/wp-content\/uploads\/2017\/10\/Listhus-300x200.jpg 300w, https:\/\/listagil.is\/wp-content\/uploads\/2017\/10\/Listhus-768x512.jpg 768w, https:\/\/listagil.is\/wp-content\/uploads\/2017\/10\/Listhus-1024x683.jpg 1024w, https:\/\/listagil.is\/wp-content\/uploads\/2017\/10\/Listhus.jpg 1125w\" sizes=\"auto, (max-width: 300px) 100vw, 300px\" \/> \u00a0<img loading=\"lazy\" decoding=\"async\" class=\"alignnone wp-image-818 size-medium\" title=\"Art Market\" src=\"http:\/\/listagil.is\/wp-content\/uploads\/2017\/10\/MarkadurSteini-300x225.jpg\" alt=\"\" width=\"300\" height=\"225\" srcset=\"https:\/\/listagil.is\/wp-content\/uploads\/2017\/10\/MarkadurSteini-300x225.jpg 300w, https:\/\/listagil.is\/wp-content\/uploads\/2017\/10\/MarkadurSteini.jpg 592w\" sizes=\"auto, (max-width: 300px) 100vw, 300px\" \/><\/p>\n<p><a href=\"http:\/\/listagil.is\/wp-content\/uploads\/2016\/02\/Deiglanteikningmedmalum.jpg\"><img loading=\"lazy\" decoding=\"async\" class=\"alignnone wp-image-526 size-large\" src=\"http:\/\/listagil.is\/wp-content\/uploads\/2016\/02\/Deiglanteikningmedmalum-e1509462570436-1024x874.jpg\" alt=\"\" width=\"1024\" height=\"874\" srcset=\"https:\/\/listagil.is\/wp-content\/uploads\/2016\/02\/Deiglanteikningmedmalum-e1509462570436-1024x874.jpg 1024w, https:\/\/listagil.is\/wp-content\/uploads\/2016\/02\/Deiglanteikningmedmalum-e1509462570436-300x256.jpg 300w, https:\/\/listagil.is\/wp-content\/uploads\/2016\/02\/Deiglanteikningmedmalum-e1509462570436-768x656.jpg 768w, https:\/\/listagil.is\/wp-content\/uploads\/2016\/02\/Deiglanteikningmedmalum-e1509462570436.jpg 2048w\" sizes=\"auto, (max-width: 1024px) 100vw, 1024px\" \/><\/a><\/p>\n","protected":false},"excerpt":{"rendered":"<p>Deiglan is a multi-purpose exhibition space, ideal for art and music.\u00a0The facilities used to belong to the old dairy factories as well as most of the buildings in the Art Street. \u00a0When the dairy factories were moved artists&#46;&#46;&#46;<\/p>\n","protected":false},"author":3,"featured_media":526,"parent":0,"menu_order":0,"comment_status":"closed","ping_status":"closed","template":"","meta":{"_exactmetrics_skip_tracking":false,"_exactmetrics_sitenote_active":false,"_exactmetrics_sitenote_note":"","_exactmetrics_sitenote_category":0,"footnotes":""},"class_list":["post-765","page","type-page","status-publish","has-post-thumbnail","hentry"],"_links":{"self":[{"href":"https:\/\/listagil.is\/index.php?rest_route=\/wp\/v2\/pages\/765","targetHints":{"allow":["GET"]}}],"collection":[{"href":"https:\/\/listagil.is\/index.php?rest_route=\/wp\/v2\/pages"}],"about":[{"href":"https:\/\/listagil.is\/index.php?rest_route=\/wp\/v2\/types\/page"}],"author":[{"embeddable":true,"href":"https:\/\/listagil.is\/index.php?rest_route=\/wp\/v2\/users\/3"}],"replies":[{"embeddable":true,"href":"https:\/\/listagil.is\/index.php?rest_route=%2Fwp%2Fv2%2Fcomments&post=765"}],"version-history":[{"count":9,"href":"https:\/\/listagil.is\/index.php?rest_route=\/wp\/v2\/pages\/765\/revisions"}],"predecessor-version":[{"id":2819,"href":"https:\/\/listagil.is\/index.php?rest_route=\/wp\/v2\/pages\/765\/revisions\/2819"}],"wp:featuredmedia":[{"embeddable":true,"href":"https:\/\/listagil.is\/index.php?rest_route=\/wp\/v2\/media\/526"}],"wp:attachment":[{"href":"https:\/\/listagil.is\/index.php?rest_route=%2Fwp%2Fv2%2Fmedia&parent=765"}],"curies":[{"name":"wp","href":"https:\/\/api.w.org\/{rel}","templated":true}]}}